o base 9.
7
What is 11 (base 2) in base 16?
3
Convert -31 (base 5) to base 13.
-13
-f (base 16) to base 12
-13
Convert 5 (base 7) to base 6.
5
Convert 122 (base 12) to base 6.
442
-100 (base 3) to base 2
-1001
Convert -58 (base 16) to base 7.
-154
-1 (base 13) to base 5
-1
-3 (base 12) to base 3
-10
What is -27 (base 10) in base 11?
-25
What is 2 (base 13) in base 8?
2
Convert 22 (base 4) to base 10.
10
Convert 33 (base 5) to base 2.
10010
-55 (base 7) to base 2
-101000
Convert -a (base 15) to base 14.
-a
What is -2 (base 15) in base 14?
-2
Convert 8 (base 10) to base 12.
8
Convert -64 (base 11) to base 14.
-50
What is -17 (base 10) in base 7?
-23
0 (base 11) to base 15
0
Convert 10 (base 15) to base 8.
17
Convert 2 (base 10) to base 15.
2
-12 (base 7) to base 9
-10
-23 (base 4) to base 14
-b
220 (base 4) to base 2
101000
-3 (base 10) to base 13
-3
Convert -4 (base 9) to base 6.
-4
4 (base 16) to base 5
4
What is -1 (base 15) in base 7?
-1
-4c (base 13) to base 11
-59
Convert 21 (base 12) to base 14.
1b
8 (base 12) to base 16
8
What is 101110 (base 2) in base 11?
42
What is -11001000 (base 2) in base 5?
-1300
What is -10 (base 3) in base 14?
-3
Convert -2 (base 11) to base 12.
-2
-15 (base 9) to base 11
-13
1c (base 13) to base 7
34
Convert -11001111 (base 2) to base 9.
-250
What is 2 (base 3) in base 8?
2
What is -2 (base 10) in base 9?
-2
Convert -14 (base 9) to base 3.
-111
What is -ad (base 14) in base 8?
-231
What is 5 (base 16) in base 8?
5
What is 2 (base 13) in base 8?
2
Convert -12 (base 4) to base 5.
-11
What is 343 (base 5) in base 14?
70
Convert 111102 (base 3) to base 16.
16a
What is -53 (base 16) in base 6?
-215
-b (base 13) to base 5
-21
-104 (base 7) to base 12
-45
Convert -102 (base 14) to base 10.
-198
What is e (base 16) in base 3?
112
Convert 35 (base 9) to base 8.
40
Convert 1 (base 16) to base 5.
1
Convert 74 (base 10) to base 12.
62
Convert -59 (base 13) to base 5.
-244
Convert -7 (base 12) to base 2.
-111
40 (base 13) to base 12
44
-27 (base 10) to base 8
-33
-4 (base 11) to base 16
-4
83 (base 12) to base 3
10200
What is 20b (base 12) in base 15?
14e
-45 (base 7) to base 14
-25
Convert -11 (base 5) to base 9.
-6
Convert -7 (base 14) to base 3.
-21
What is -12121 (base 3) in base 8?
-227
What is 84 (base 15) in base 12?
a4
What is -3 (base 6) in base 9?
-3
-1102 (base 3) to base 13
-2c
Convert 3 (base 10) to base 5.
3
Convert 12 (base 10) to base 15.
c
What is 6 (base 15) in base 6?
10
Convert -2 (base 10) to base 16.
-2
0 (base 16) to base 9
0
What is 6 (base 8) in base 6?
10
Convert 12 (base 7) to base 13.
9
What is 10001 (base 3) in base 7?
145
What is -2 (base 8) in base 15?
-2
7 (base 10) to base 3
21
-124 (base 9) to base 15
-6d
Convert -63 (base 13) to base 10.
-81
What is -26 (base 9) in base 14?
-1a
What is 24 (base 16) in base 5?
121
21 (base 3) to base 5
12
What is -102 (base 5) in base 9?
-30
Convert -113 (base 12) to base 11.
-135
1 (base 15) to base 14
1
-4 (base 5) to base 16
-4
What is -68 (base 9) in base 7?
-116
What is -1010 (base 2) in base 11?
-a
What is 3 (base 9) in base 10?
3
-2 (base 10) to base 16
-2
What is -21 (base 16) in base 10?
-33
Convert b (base 13) to base 14.
b
What is 3 (base 6) in base 5?
3
Convert -5 (base 14) to base 10.
-5
What is 14 (base 16) in base 9?
22
12 (base 12) to base 8
16
What is -1 (base 3) in base 9?
-1
Convert -2 (base 15) to base 4.
-2
Convert 11 (base 13) to base 8.
16
What is 1 (base 6) in base 8?
1
What is 1 (base 7) in base 11?
1
Convert 9 (base 15) to base 7.
12
What is -2 (base 6) in base 7?
-2
Convert -30 (base 14) to base 2.
-101010
What is -3 (base 11) in base 6?
-3
What is 2 (base 12) in base 13?
2
What is 104 (base 5) in base 6?
45
-25 (base 13) to base 11
-29
-10002 (base 3) to base 11
-76
1b (base 12) to base 16
17
Convert -100 (base 2) to base 14.
-4
Convert 1020 (base 3) to base 6.
53
What is -29 (base 15) in base 2?
-100111
What is 44 (base 13) in base 4?
320
Convert 11 (base 2) to base 7.
3
What is 2 (base 9) in base 3?
2
Convert 113 (base 6) to base 14.
33
Convert 82 (base 11) to base 6.
230
Convert -1 (base 7) to base 13.
-1
-81 (base 13) to base 5
-410
e (base 15) to base 6
22
Convert 11 (base 14) to base 2.
1111
Convert -100 (base 9) to base 13.
-63
Convert -1 (base 9) to base 11.
-1
What is -1021 (base 3) in base 15?
-24
What is -7 (base 14) in base 13?
-7
Convert 0 (base 16) to base 9.
0
4 (base 5) to base 6
4
Convert 10012 (base 3) to base 8.
126
Convert 11 (base 5) to base 2.
110
-13 (base 12) to base 4
-33
What is -6 (base 10) in base 11?
-6
12 (base 6) to base 7
11
Convert 147 (base 8) to base 5.
403
-8 (base 10) to base 5
-13
Convert -6 (base 10) to base 13.
-6
2 (base 9) to base 11
2
-1010 (base 2) to base 16
-a
Convert 5 (base 12) to base 10.
5
Convert 210 (base 3) to base 2.
10101
186 (base 10) to base 9
226
-12 (base 3) to base 12
-5
Convert -5 (base 15) to base 3.
-12
Convert -4 (base 7) to base 6.
-4
What is -1 (base 4) in base 14?
-1
Convert -3 (base 10) to base 16.
-3
183 (base 9) to base 12
110
What is 63 (base 15) in base 11?
85
Convert 281 (base 10) to base 5.
2111
3 (base 6) to base 14
3
Convert -6 (base 13) to base 3.
-20
4 (base 5) to base 7
4
12 (base 13) to base 5
30
Convert 5b (base 12) to base 5.
241
Convert -31 (base 5) to base 15.
-11
What is 86 (base 11) in base 5?
334
Convert 11 (base 2) to base 5.
3
Convert -65 (base 14) to base 6.
-225
-3 (base 8) to base 10
-3
What is 1131 (base 4) in base 10?
93
11 (base 8) to base 13
9
Convert 20 (base 16) to base 6.
52
Convert 18 (base 12) to base 4.
110
72 (base 16) to base 8
162
What is -31 (base 5) in base 2?
-10000
Convert 0 (base 3) to base 8.
0
Convert -2 (base 15) to base 3.
-2
What is 3 (base 16) in base 12?
3
Convert -2 (base 7) to base 10.
-2
-3 (base 5) to base 6
-3
-50 (base 6) to base 2
-11110
What is -1 (base 5) in base 12?
-1
What is -4 (base 12) in base 13?
-4
-8c (base 16) to base 6
-352
Convert 2 (base 11) to base 5.
2
Convert -2 (base 5) to base 3.
-2
Convert 9 (base 12) to base 14.
9
c (base 16) to base 12
10
What is -1 (base 15) in base 5?
-1
What is 95 (base 13) in base 10?
122
117 (base 9) to base 2
1100001
What is -110101 (base 2) in base 10?
-53
-15 (base 15) to base 16
-14
7 (base 14) to base 6
11
Convert -4 (base 12) to base 5.
-4
Convert 0 (base 9) to base 11.
0
What is 53 (base 14) in base 6?
201
What is 13 (base 6) in base 10?
9
What is -70 (base 13) in base 15?
-61
What is -11111 (base 3) in base 14?
-89
Convert -2 (base 7) to base 14.
-2
Convert 16 (base 7) to base 13.
10
Convert ee (base 16) to base 4.
3232
Convert -21 (base 8) to base 6.
-25
-22 (base 4) to base 2
-1010
Convert -32 (base 7) to base 16.
-17
Convert -11 (base 7) to base 9.
-8
3 (base 9) to base 14
3
What is -10221 (base 3) in base 14?
-78
Convert 47 (base 9) to base 6.
111
What is -1 (base 16) in base 10?
-1
What is -10 (base 12) in base 9?
-13
Convert -3 (base 13) to base 7.
-3
What is 133 (base 10) in base 15?
8d
51 (base 6) to base 14
23
What is -3 (base 6) in base 7?
-3
What is -2b (base 15) in base 9?
-45
Convert -45 (base 7) to base 12.
-29
Convert -6 (base 7) to base 11.
-6
36 (base 11) to base 16
27
Convert 100 (base 3) to base 14.
9
Convert -1 (base 15) to base 2.
-1
-8 (base 11) to base 6
-12
-420 (base 6) to base 3
-12210
1 (base 10) to base 8
1
Convert 3 (base 14) to base 7.
3
What is -161 (base 7) in base 16?
-5c
2b (base 15) to base 11
38
7 (base 10) to base 7
10
What is 15 (base 16) in base 5?
41
Convert 8 (base 9) to base 14.
8
-28 (base 13) to base 9
-37
What is 3 (base 13) in base 2?
11
What is 43 (base 14) in base 8?
73
35 (base 8) to base 14
21
-2a (base 13) to base 9
-40
What is 3 (base 7) in base 2?
11
-34 (base 15) to base 13
-3a
-3 (base 8) to base 6
-3
Convert -145 (base 7) to base 6.
-214
-122 (base 4) to base 9
-28
-51 (base 8) to base 10
-41
Convert 10 (base 5) to base 2.
101
-8 (base 10) to base 9
-8
What is 1 (base 15) in base 10?
1
1 (base 15) to base 13
1
What is 111 (base 3) in base 7?
16
-100 (base 3) to base 10
-9
Convert 0 (base 9) to base 7.
0
-6 (base 16) to base 13
-6
-3 (base 15) to base 5
-3
What is -100 (base 3) in base 16?
-9
Convert 3 (base 13) to base 15.
3
Convert 0 (base 11) to base 16.
0
Convert 193 (base 15) to base 10.
363
-